 s(57)?
-8
Let z(p) = -2*p**2 - 23*p + 118. Give z(5).
-47
Let l(t) = -10*t**2 + 1326*t - 7612. Give l(6).
-16
Let h(q) = q**3 - 21*q**2 - 2533*q + 374. Give h(-41).
5
Let b(a) = -31*a**2 - 78*a + 21. What is b(-3)?
-24
Let y(w) = w**2 + 887*w + 196494. What is y(-458)?
12
Let m(p) = -p**3 - 94*p**2 - 183*p + 386. Calculate m(-92).
294
Let v(n) = -5371*n - 26920. What is v(-5)?
-65
Let i(a) = 5842*a - 86688. Give i(15).
942
Let c(i) = 26*i**3 - 252*i**2 + 102*i + 551. Calculate c(9).
11
Let h(m) = 11*m**2 + 492*m - 9987. Give h(19).
3332
Let t(k) = k**2 - 130*k - 5614. Give t(-32).
-430
Let y(l) = 2691*l + 39970. Determine y(-14).
2296
Let m(f) = -19222*f - 39658. Determine m(-2).
-1214
Let q(m) = 103985*m + 207970. What is q(-2)?
0
Let j(r) = 10384*r + 10502. What is j(-1)?
118
Let d(g) = -g**2 - 227*g + 11169. What is d(43)?
-441
Let q(v) = 1139*v - 12398. What is q(9)?
-2147
Let u(k) = 26858*k - 2068064. What is u(77)?
2
Let g(s) = -183*s**2 + 1693*s - 5083. What is g(3)?
-1651
Let r(f) = f**3 + 105*f**2 + 2152*f + 57722. Determine r(-88).
-6
Let l(v) = 10*v**2 - 584*v + 98. Calculate l(58).
-134
Let q(a) = -154434*a - 1544335. Determine q(-10).
5
Let n(v) = 66*v**2 - 2306*v - 50. Determine n(35).
90
Let s(u) = u**3 + 89*u**2 + 1835*u - 428. Determine s(-33).
1
Let w(d) = -324*d + 19535. Give w(61).
-229
Let b(g) = g**2 + 18*g - 1834. Give b(35).
21
Let l(o) = -1383*o - 7535. Give l(-8).
3529
Let q(y) = 7*y**2 - 46*y - 421. What is q(-11)?
932
Let o(k) = k**3 - 309*k**2 - 1390*k + 43215. Determine o(313).
21
Let i(q) = q**3 + 13*q**2 + 14844*q + 177983. What is i(-12)?
-1
Let m(b) = 4*b**3 + 11*b**2 - 91521*b - 183043. Give m(-2).
11
Let o(z) = 228*z + 2474. What is o(-11)?
-34
Let f(p) = p**3 - 52*p**2 - 86*p + 4402. Give f(52).
-70
Let l(c) = -52324*c - 209294. Calculate l(-4).
2
Let i(k) = 308*k - 25525. Give i(81).
-577
Let j(f) = 3*f**3 + 37*f**2 + 36*f - 43. What is j(-9)?
443
Let y(l) = -6*l**3 + 702*l**2 - 34*l + 3600. Calculate y(117).
-378
Let g(h) = -14*h**2 + 1367*h + 4752. Give g(101).
5
Let m(v) = -2*v**3 + 15*v**2 + 2395*v + 7049. What is m(-3)?
53
Let v(m) = 4*m**2 - 3348*m + 65374. Calculate v(20).
14
Let p(t) = -2*t**2 + 347*t + 22327. What is p(-50)?
-23
Let u(f) = -3*f**3 + 75*f**2 + 63*f - 289. Give u(26).
-679
Let j(l) = l**3 - 2*l**2 - 584*l + 62. Calculate j(25).
-163
Let l(x) = 220034*x - 3520542. Determine l(16).
2
Let r(f) = -10*f**2 - 659*f + 2800. What is r(4)?
4
Let b(p) = -945*p + 15072. What is b(16)?
-48
Let l(s) = -2*s**2 + 188*s - 3944. Calculate l(30).
-104
Let d(v) = 31*v**3 + 3*v**2 - 17471*v - 52400. Determine d(-3).
-797
Let y(l) = l**2 - 58*l + 796. Give y(72).
1804
Let f(w) = 159658*w + 3193037. Give f(-20).
-123
Let u(r) = -2*r**3 + 124*r**2 + 401*r - 694. Determine u(65).
21
Let v(q) = 3*q**2 + 148*q - 3475. What is v(23)?
1516
Let v(d) = 735*d + 57984. What is v(-79)?
-81
Let m(f) = -21615*f + 65. Calculate m(0).
65
Let h(p) = -11*p**3 - 3604*p**2 - 2276*p + 4251. What is h(-327)?
0
Let x(n) = -4*n**2 - 96*n - 1015. Determine x(-11).
-443
Let y(z) = -z**2 - 1079*z - 18990. Determine y(-18).
108
Let a(k) = k**2 + 1235*k - 2468. Calculate a(2).
6
Let f(q) = -7077*q - 1372944. Calculate f(-194).
-6
Let y(u) = u**3 - 7*u**2 + 35*u - 189. Give y(8).
155
Let k(j) = j**2 + 5400*j - 43269. Determine k(8).
-5
Let m(y) = 33*y**2 + 441*y + 1447. Determine m(-8).
31
Let u(v) = 3*v**3 - 83*v**2 + 88*v - 3332. Calculate u(28).
-84
Let b(l) = 49654*l + 794473. Determine b(-16).
9
Let p(f) = 2909*f - 22646. Determine p(8).
626
Let u(r) = 49*r**2 - 17597*r + 2146. Give u(359).
-8
Let b(t) = -46*t**2 + 691*t - 1663. Calculate b(12).
5
Let a(i) = 15*i**2 + 1248*i + 485. Determine a(-81).
-2188
Let r(u) = 4*u**2 + 404*u + 1510. Give r(-98).
334
Let q(i) = 3411*i**2 - 6734*i + 7. Give q(2).
183
Let t(p) = 2*p**3 - 34*p**2 - 30*p + 90. Calculate t(18).
198
Let x(l) = l**2 - 3332*l - 43633. Calculate x(-13).
-148
Let l(x) = x**3 - 73*x**2 + 520*x + 1109. Determine l(10).
9
Let k(d) = -19*d**3 - 473*d**2 + 26*d - 86. What is k(-25)?
514
Let t(o) = o**3 - 6*o**2 - 1375*o - 11849. What is t(-28)?
-5
Let m(b) = 21748*b - 608676. What is m(28)?
268
Let j(m) = -8*m**3 - 2061*m**2 + 758*m - 4127. What is j(-258)?
1
Let x(m) = -9*m**2 + 95*m + 139. Calculate x(10).
189
Let y(r) = -467*r - 394. Determine y(-4).
1474
Let b(n) = 3*n**2 + 717*n + 14933. Determine b(-23).
29
Let i(n) = -290*n**2 - 3347*n - 13. Calculate i(-11).
1714
Let s(f) = 77*f**3 - 1542*f**2 + 9*f + 466. Give s(20).
-154
Let l(o) = -276*o - 14480. Give l(-58).
1528
Let a(f) = -12*f**3 + 116*f**2 - 80*f + 53. Calculate a(9).
-19
Let j(x) = 11177*x + 1330022. Give j(-119).
-41
Let i(s) = -113*s**3 - 8363*s**2 - 77*s - 175. Give i(-74).
47
Let b(z) = -550*z - 19422. What is b(-41)?
3128
Let j(a) = a**2 - 9839*a + 49160. Determine j(5).
-10
Let a(f) = -f**3 - 6*f**2 - 73*f + 8. What is a(-6)?
446
Let f(p) = -p**2 - 156*p + 7854. Calculate f(-197).
-223
Let u(y) = 97*y**2 + 1606*y - 423. What is u(-17)?
308
Let j(n) = -1257*n + 2604. What is j(2)?
90
Let q(s) = 1844763*s + 20292387. Determine q(-11).
-6
Let f(t) = 90*t**2 - 3683*t + 53. What is f(41)?
340
Let a(f) = -643813*f + 6438135. What is a(10)?
5
Let d(k) = k**3 - 3*k**2 - 1994*k - 7788. Give d(-4).
76
Let y(b) = 220*b - 13918. Determine y(63).
-58
Let z(m) = 232*m**2 - 27*m + 66. Determine z(3).
2073
Let k(u) = 414*u + 54759. Give k(-134).
-717
Let t(m) = m**3 + 193*m**2 + 4924*m + 34. Give t(-30).
-986
Let n(p) = p**3 - 42*p**2 + 57*p - 4284. Calculate n(43).
16
Let u(c) = -5731*c - 108481. What is u(-19)?
408
Let a(c) = c**2 + 43*c - 542. What is a(9)?
-74
Let y(c) = -c**3 + 79*c**2 + 994*c + 50. Give y(-11).
6
Let g(f) = 10*f**3 - 31*f**2 - 71*f - 35. Determine g(-2).
-97
Let m(x) = 16*x**2 - 2378*x - 1069. What is m(149)?
-175
Let b(s) = s**2 + 229*s + 8997. What is b(-52)?
-207
Let d(f) = -10754*f + 118335. Give d(11).
41
Let b(l) = -32537*l - 13242566. What is b(-407)?
-7
Let j(v) = -v**3 - 38*v**2 - 216*v - 69. Give j(-31).
-100
Let r(g) = g**3 - 95*g**2 + 17*g - 1555. Calculate r(95).
60
Let v(f) = -f**3 - 143*f**2 - 673*f + 2385. Determine v(-138).
39
Let o(m) = -23362*m - 490966. Calculate o(-21).
-364
Let g(o) = 8509*o - 25407. What is g(3)?
120
Let v(t) = -3*t**3 - 165*t**2 - 1222*t + 172. Give v(-9).
-8
Let c(f) = -39*f**2 + 1705*f - 5101. Determine c(3).
-337
Let q(i) = -360*i + 61256. Give q(170).
56
Let o(u) = u**2 + 86*u + 1073. Determine o(-91).
1528
Let t(q) = 104*q + 12536. What is t(-120)?
56
Let s(l) = -5*l**2 + 1439*l + 24061. Determine s(-16).
-243
Let m(f) = -151007*f + 1208075. Calculate m(8).
19
Let s(p) = -p**3 + 37*p**2 + 333*p - 974. Give s(44).
126
Let r(q) = q**2 + 4384*q + 65303. What is r(-15)?
-232
Let o(v) = -7*v**2 + 1085*v - 4266. Calculate o(151).
-38
Let j(p) = 43729*p - 218643. Give j(5).
2
Let s(i) = 8411389*i + 75702497. What is s(-9)?
-4
Let o(c) = 13*c - 718. What is o(7)?
-627
Let h(q) = 940*q + 2935. What is h(-4)?
-825
Let w(j) = 3081*j - 67789. Calculate w(22).
-7
Let u(i) = 2*i**3 + 338*i**2 + 4046*i - 1555. What is u(-156)?
5
Let p(r) = -r**3 - 56*r**2 + 643*r + 7. Determine p(10).
-163
Let n(g) = 430*g - 2605. Determine n(6).
-25
Let s(u) = -22*u - 10812. Determine s(-491).
-10
Let r(g) = g**3 + 8*g**2 + 30*g - 93. Calculate r(5).
382
Let a(s) = 58*s**2 - 2758*s - 8279. Give a(-3).
517
Let h(z) = -z**3 + 6*z**2 + 372*z + 557. Give h(0).
557
Let o(f) = 6*f**2 + 588*f + 14204. Determine o(-57).
182
Let p(n) = -673*n + 67373. Determine p(101).
-600
Let l(j) = 8*j**2 - 272*j + 791. What is l(32)?
279
Let v(m) = 4*m**3 + 59*m**2 - 2225*m - 30109. Determine v(-13).
-1
Let t(z) = z**3 - 10*z**2 + 86*z - 229. Calculate t(4).
19
Let k(g) = -g**3 - 15*g**2 + 1291*g - 417. Determine k(29).
18
Let u(s) = 40*s**2 - 15164*s + 1516. Calculate u(379).
0
Let g(p) = 1860554*p - 7442272. What is g(4)?
-56
Let x(d) = 291*d + 6448. Give x(-23).
-245
Let g(v) = -431879*v - 88103320. Give g(-204).
-4
Let m(z) = -20*z**3 + 29*z**2 - 16*z - 14. Give m(1).
-21
Let r(q) = 7*q**3 + 961*q**2 - 9225*q + 88. Determine r(9).
7
Let m(r) = 8*r**2 + 5262*r - 69925. Give m(13).
-167
Let i(a) = 149*a - 13661. Give i(98).
941
Let j(c) = 31*c**3 - 28*c**2 + 2*c - 14. Determine j(3).
577
Le